2*d. Let z = 1 + w. Suppose -2 = -2*a + z. List the prime factors of a.
2
Let r(v) be the third derivative of 7/60*v**5 + 0 + v**2 + 1/24*v**4 + 0*v + 1/6*v**3. List the prime factors of r(-1).
7
Let y(n) = -6*n**2 - 2*n + 3. Let l be y(2). Let r = l - -55. What are the prime factors of r?
2, 3, 5
Suppose -4*i = -4*n + 824, -5*n - 4*i = 523 - 1517. List the prime factors of n.
2, 101
Suppose 4*n = 9*n. Suppose n*g = -3*w + 5*g - 2, -8 = -4*w + 4*g. Suppose -w*h + 30 = -h. List the prime factors of h.
2, 3
Suppose -543 = -5*g - 7*q + 4*q, 5*g - q - 559 = 0. What are the prime factors of g?
3, 37
Suppose 7*g - 4*g - 9 = -j, 4*j + 3*g = 0. What are the prime factors of j/12 - (-116)/16?
7
Let h(i) = i**3 + 9*i**2 - 11*i + 14. Let q = -4 + -6. What are the prime factors of h(q)?
2, 3
List the prime factors of 2*(-4)/(-8)*17.
17
Let s = 2 + 95. What are the prime factors of s?
97
Suppose 0*x = 3*x - 105. What are the prime factors of x?
5, 7
Suppose d - 1 = -a, -4*a + 5 = -0*a + 3*d. Let w(s) = -4*s**2 + 3 - s**a - 9*s + 4 + 4*s**2. What are the prime factors of w(-9)?
7
Let l be ((-6)/(-3))/6*21. Let j(g) = -g + 7. Let y be j(l). List the prime factors of y + -1 + 7 + -2.
2
Suppose -2*x + 2*a - 16 = 3*a, -3*x = 4*a + 29. Let z = x + 11. Suppose 0*l + 3*l - 3 = 3*k, 5 = -l + z*k. List the prime factors of l.
3
Suppose -1 - 14 = -4*p - q, p - 4*q - 8 = 0. Let m be (p/(-10))/(4/(-40)). Suppose 0*r + 32 = m*r. List the prime factors of r.
2
Let t = 9 - -3. Let r be (-8)/(-36) + 2/(-9). Suppose -b + t = -r*b. What are the prime factors of b?
2, 3
Suppose -4 = -g - 0*g. Suppose 0*q - 24 = g*q. What are the prime factors of q/(-9) + (-16)/(-3)?
2, 3
Suppose -5*f + 2*m + 105 = 0, -3*f - 1 + 80 = 2*m. Suppose 13 + f = 3*z. List the prime factors of z.
2, 3
Let u = -133 + -29. List the prime factors of (2/(-3))/(4/u).
3
Suppose 5*v + 285 = -4*w + 829, 0 = 3*w + 4*v - 407. What are the prime factors of w?
3, 47
Suppose 5*b = 146 + 464. What are the prime factors of b?
2, 61
Let g(t) = -t + 12. Let d be g(0). Let o = d - 7. List the prime factors of o.
5
Let y = -13 + 19. Suppose -4*p - m + 53 = 0, y*p + 5*m - 70 = p. Suppose -3*u + 2*u + p = 0. What are the prime factors of u?
13
Let p(z) = -22*z - 35. What are the prime factors of p(-14)?
3, 7, 13
Suppose -3 + 25 = 2*t. Let c = t - -3. List the prime factors of c.
2, 7
Let f be 19/7 + 12/42. Suppose -62 = -4*j + k - f*k, -5*j + 2*k = -55. List the prime factors of j.
13
Let z(u) = -u**3 + 3*u**2 - u. Let p be z(1). Let l be (-1 - p)*(-3)/(-2). List the prime factors of (l - 27)*(-2)/3.
2, 5
Let l(z) = z**3 + 2*z**2 + 2. Let f be l(-3). Let w = 14 + f. Let i(n) = n**3 - 8*n**2 + 8*n + 4. List the prime factors of i(w).
11
Let i be 5 - -4*3/(-6). Suppose 2 = 4*l - i*l. Suppose 0 = 4*o - l*o - 8. List the prime factors of o.
2
Suppose -14 + 2 = 4*l. List the prime factors of 1/((-20)/7 - l).
7
Suppose 3*u = 3 + 114. List the prime factors of u.
3, 13
Suppose -2*z + 223 = -5*a - 156, 3*z = a + 536. What are the prime factors of z?
3, 59
Suppose 9*u = 8*u + 382. List the prime factors of u.
2, 191
Let r = 28 + 148. What are the prime factors of r?
2, 11
Let n = 91 + -38. List the prime factors of n.
53
Suppose 3*b - 376 - 134 = 0. List the prime factors of b.
2, 5, 17
Suppose -v = -3*z + 16, 4*z = 3*v + 3*z + 32. Let d = 24 + v. What are the prime factors of d?
2, 7
Let h be (-2 + 0)/((-2)/4). Let z(b) be the third derivative of b**5/60 - b**4/6 + b**3/2 + 3*b**2. What are the prime factors of z(h)?
3
What are the prime factors of (0 - -3)*14/6?
7
Suppose 3*b - 6 = 3*v, -28 = 6*v - v + b. Let y = v + 9. Suppose 3*u - y*r = r - 4, 0 = u + 2*r - 17. List the prime factors of u.
7
Suppose -56*x + 60*x - 224 = 0. What are the prime factors of x?
2, 7
Let c(o) = 4*o**2 - 19*o + 9. What are the prime factors of c(9)?
2, 3
Suppose 3*v + 0*x + 2*x = 62, 3*x = 5*v - 78. Suppose -b - 3 + v = 0. List the prime factors of b.
3, 5
Let y(u) = 36*u**3 - u**2 + 2*u**2 + 1 - 9*u**3 - 2*u. What are the prime factors of y(1)?
3
Suppose -4*a + 64 = -0*a. Let f be 4/a + (-19)/(-4). Suppose 2*p + 4*r + 8 - 38 = 0, f*r = -5*p + 55. What are the prime factors of p?
7
Suppose -2*y - 3*y + 135 = 0. List the prime factors of y.
3
Let o(j) be the second derivative of j**4/12 - j**3/6 + 7*j**2/2 - 2*j. What are the prime factors of o(0)?
7
Let w(p) = -p + 3. Let g be w(5). List the prime factors of ((-12)/(-9) - g)*3.
2, 5
Suppose -34*c + 39*c - 330 = 0. List the prime factors of c.
2, 3, 11
Let l(c) = -c + 2. Let x be l(3). Let f be (-11 - 1)*x/1. Let u = f + -6. List the prime factors of u.
2, 3
Suppose 1 = h, 0 = -g + 2*h - 0*h + 16. Suppose -g = -4*t + 38. What are the prime factors of t?
2, 7
Suppose 4*r + 0*x = 2*x + 102, -r = 4*x - 21. What are the prime factors of ((-10)/r)/((-2)/90)?
2, 3
Suppose 4*k = 2*t + 39 - 7, k = t + 10. Let a = 4 - k. What are the prime factors of (-1 - a)*-1 + 19?
2, 3
Let n = 4 + 1. Let x be 1 - -1 - 1 - -1. Suppose 5*q = -n, -x*j + 2*q + 27 = -q. What are the prime factors of j?
2, 3
Suppose 4*b + 2*k + 6 = 0, -6*k = -3*b - 2*k + 12. Suppose 0 = -z - b*z + 11. What are the prime factors of z?
11
Let y = -11 + 14. Suppose -y*t = t - 40. What are the prime factors of t?
2, 5
Let n = 186 - 113. What are the prime factors of n?
73
Let m(o) be the third derivative of o**4/24 + o**3/6 - 2*o**2. What are the prime factors of m(12)?
13
Let t be ((-21)/14)/(6/(-112)). Let m = t + -19. Suppose -r + 4*r = m. List the prime factors of r.
3
Suppose 0 = -3*w + 2*w + s + 5, 0 = -2*s + 2. List the prime factors of w.
2, 3
Let w = 26 + -14. Suppose -3*d = -w + 3. What are the prime factors of d?
3
Let n(f) = f**2 + 4*f + 13. List the prime factors of n(0).
13
Let o(b) = 12*b. Let y be o(1). Suppose 0 = -3*p - 2*v + y, 4*p + 2*v = 22 - 4. List the prime factors of p.
2, 3
Suppose -5*u = 2*f - 64, -6 = 3*u - 0. Suppose 4*j = -3*o + f, -3*o + 2*o - 51 = -5*j. What are the prime factors of j?
2, 5
Let o be 8/4 - -8*1. Suppose o = -r + 4*n + 28, 3*r = n + 10. What are the prime factors of r?
2
Suppose 5*a = 5*d + 65, -37 = -3*a + 2*d - d. List the prime factors of a.
2, 3
Let r = -34 + 1. Let z = r - -54. What are the prime factors of z?
3, 7
Let r be 2/(-6) - (-356)/6. Suppose -3*k + r = -2*l, -2*k + l + 2*l = -46. List the prime factors of k.
17
Let b = -5 + 2. Let g be ((-2)/b)/((-2)/(-6)). Suppose -2*t + 0*x = 5*x, -x - g = 0. What are the prime factors of t?
5
Let o = 97 + -38. List the prime factors of o.
59
Let a = -10 + 8. Suppose 3*t + 15 = l + 2*l, -35 = t + 5*l. Let q = a - t. What are the prime factors of q?
2
Let p(s) = -2*s**2 + 3*s + 2. Let h be p(-1). What are the prime factors of (7*h)/(5/(-10))?
2, 3, 7
Let c(r) = r**3 - 3*r**2 - 2*r - 4. Let p be c(4). Suppose p*s - 40 = 16. Let y = 26 - s. List the prime factors of y.
2, 3
Let m(z) = -z**2 - 7*z + 6. Let t be m(-8). List the prime factors of (t/6)/(4/(-96)).
2
Let d = 51 - -15. Suppose -3*l - z + 40 = -47, -2*z - d = -2*l. What are the prime factors of l?
2, 3, 5
Suppose 4*l + 2 + 2 = 0. Let f be 2 - ((-1 - l) + -1). Suppose 0 = -5*j + q + 47, -4*j - f*q = -15 - 15. What are the prime factors of j?
3
Let o(r) = 2*r**2 - 6. Let h be o(-5). Suppose -x + 39 = 2*s, x + h = 3*s - 12. List the prime factors of s.
19
Let h(j) = j**2 - 3*j - 5. Let a be h(4). Let s be (0 - a)/(3/15). Let n = s + 5. What are the prime factors of n?
2, 5
Let x(g) = g + 1. Let u(m) = 2*m**2 - 7*m - 7. Let o(q) = -u(q) - 6*x(q). Let p be o(-1). What are the prime factors of p/10 - (-36)/5?
7
Suppose -175 + 20 = -5*o. List the prime factors of o.
31
Let n = 10 - 5. Suppose 4*c = 4*d, 12 = -0*c + c + n*d. What are the prime factors of c?
2
Let p be (36/(-45))/((-2)/10). Let n be 8/(-10)*(-10)/p. Suppose 3*a = -2*a + n*x + 63, 5*x + 9 = -a. List the prime factors of a.
11
Suppose 0 = 3*n - 5*p - 977, -2*n = p - 2*p - 649. List the prime factors of n.
2, 3
Suppose 5*z - 3*r - 16 = r, 0 = 2*z - r - 4. Suppose z = -b + 4*b + 6. Let o = b - -7. What are the prime factors of o?
5
Let t = -3 + 7. Suppose -4*a - 36 = t*x, -x = 5*a + 6 - 1. Let y = x - -17. What are the prime factors of y?
7
Let m be (-86)/3*12/(-8). What are the prime factors of 3/(-4) + m/4?
2, 5
Suppose 0 = y - 5*a + 21,